 the prime factors of 524172.
2, 3, 11, 19
What are the prime factors of 22692780?
2, 3, 5, 11, 73, 157
What are the prime factors of 2159125?
5, 23, 751
List the prime factors of 154436.
2, 38609
List the prime factors of 2296904.
2, 17, 16889
List the prime factors of 243452.
2, 11, 503
List the prime factors of 1744272.
2, 3, 12113
List the prime factors of 349255.
5, 23, 3037
List the prime factors of 3365946.
2, 3, 67, 2791
What are the prime factors of 1180715?
5, 236143
List the prime factors of 42672.
2, 3, 7, 127
List the prime factors of 1351376.
2, 13, 73, 89
List the prime factors of 217507.
199, 1093
List the prime factors of 12027777.
3, 971, 4129
List the prime factors of 1270035.
3, 5, 13, 167
What are the prime factors of 5508144?
2, 3, 29, 1319
What are the prime factors of 49288?
2, 61, 101
List the prime factors of 284451.
3, 53, 1789
What are the prime factors of 714402?
2, 3, 13, 43, 71
What are the prime factors of 1121967?
3, 7, 11, 1619
What are the prime factors of 258436?
2, 64609
What are the prime factors of 1427375?
5, 19, 601
What are the prime factors of 403553?
403553
What are the prime factors of 154034?
2, 77017
List the prime factors of 4276554.
2, 3, 17, 41927
What are the prime factors of 382156?
2, 95539
List the prime factors of 10230127.
29, 61, 5783
What are the prime factors of 6422911?
11, 23, 53, 479
What are the prime factors of 8792363?
1297, 6779
List the prime factors of 51184.
2, 7, 457
What are the prime factors of 393586?
2, 83, 2371
List the prime factors of 1602274.
2, 801137
What are the prime factors of 121915?
5, 37, 659
What are the prime factors of 189727?
23, 73, 113
List the prime factors of 94851.
3, 1171
What are the prime factors of 459280?
2, 5, 5741
What are the prime factors of 1683387?
3, 187043
List the prime factors of 553364.
2, 7, 19763
List the prime factors of 2856712.
2, 31, 11519
List the prime factors of 39202.
2, 17, 1153
What are the prime factors of 27080?
2, 5, 677
What are the prime factors of 1463556?
2, 3, 121963
List the prime factors of 4348229.
4348229
List the prime factors of 268687.
139, 1933
List the prime factors of 215176.
2, 13, 2069
List the prime factors of 209243.
83, 2521
List the prime factors of 1645031.
127, 12953
What are the prime factors of 3563376?
2, 3, 61, 1217
What are the prime factors of 1962798?
2, 3, 327133
List the prime factors of 16835112.
2, 3, 7, 33403
What are the prime factors of 1055100?
2, 3, 5, 3517
List the prime factors of 11715427.
31, 307, 1231
What are the prime factors of 305683?
7, 43669
List the prime factors of 1422584.
2, 177823
What are the prime factors of 1178117?
17, 37, 1873
What are the prime factors of 12444309?
3, 353, 3917
What are the prime factors of 6557783?
23, 285121
List the prime factors of 633266.
2, 316633
What are the prime factors of 608193?
3, 67577
List the prime factors of 2511155.
5, 17, 31, 953
List the prime factors of 373103.
19, 73, 269
List the prime factors of 390020.
2, 5, 19501
What are the prime factors of 257134?
2, 83, 1549
List the prime factors of 14326790.
2, 5, 1432679
List the prime factors of 1366475.
5, 11, 4969
What are the prime factors of 8544456?
2, 3, 118673
List the prime factors of 9389916.
2, 3, 17, 67, 229
What are the prime factors of 1463497?
7, 209071
List the prime factors of 13737765.
3, 5, 915851
What are the prime factors of 152021?
281, 541
List the prime factors of 300819.
3, 197, 509
What are the prime factors of 9331476?
2, 3, 7, 11, 10099
List the prime factors of 281762.
2, 13, 10837
List the prime factors of 6760095.
3, 5, 271, 1663
What are the prime factors of 8086085?
5, 7, 231031
List the prime factors of 14880278.
2, 7, 1062877
What are the prime factors of 3244643?
167, 19429
List the prime factors of 20520229.
20520229
What are the prime factors of 2111124?
2, 3, 23, 7649
What are the prime factors of 2705458?
2, 7, 193247
What are the prime factors of 2849672?
2, 7, 151, 337
What are the prime factors of 646413?
3, 215471
List the prime factors of 228965.
5, 11, 23, 181
List the prime factors of 518054.
2, 19, 13633
What are the prime factors of 43587?
3, 29, 167
List the prime factors of 209920.
2, 5, 41
What are the prime factors of 10555943?
10555943
What are the prime factors of 223021?
83, 2687
List the prime factors of 248911.
13, 41, 467
List the prime factors of 91385.
5, 7, 373
List the prime factors of 1031030.
2, 5, 7, 11, 13, 103
List the prime factors of 16962356.
2, 41, 293, 353
List the prime factors of 484150.
2, 5, 23, 421
List the prime factors of 708296.
2, 29, 43, 71
What are the prime factors of 48731?
48731
What are the prime factors of 247218?
2, 3, 41203
List the prime factors of 19346498.
2, 9673249
What are the prime factors of 520492?
2, 7, 29, 641
What are the prime factors of 7661841?
3, 11, 21107
List the prime factors of 22893995.
5, 139, 32941
What are the prime factors of 431882?
2, 11, 67, 293
What are the prime factors of 13269348?
2, 3, 368593
What are the prime factors of 22889245?
5, 4577849
What are the prime factors of 1079802?
2, 3, 239, 251
What are the prime factors of 101929?
101929
What are the prime factors of 19822061?
7, 659, 4297
List the prime factors of 7778873.
29, 268237
What are the prime factors of 179615?
5, 35923
List the prime factors of 10844546.
2, 23, 235751
What are the prime factors of 16496?
2, 1031
What are the prime factors of 1873029?
3, 421, 1483
List the prime factors of 31258117.
11, 439, 6473
List the prime factors of 474974.
2, 237487
List the prime factors of 68390.
2, 5, 7, 977
List the prime factors of 516150.
2, 3, 5, 31, 37
What are the prime factors of 475614?
2, 3, 26423
What are the prime factors of 14571370?
2, 5, 11, 139, 953
What are the prime factors of 3177624?
2, 3, 31, 4271
What are the prime factors of 65966?
2, 32983
List the prime factors of 548023.
7, 79, 991
List the prime factors of 10823387.
10823387
List the prime factors of 1254495.
3, 5, 11, 7603
List the prime factors of 2542449.
3, 7, 13, 67, 139
List the prime factors of 5396426.
2, 7, 61, 71, 89
What are the prime factors of 374877?
3, 23, 1811
List the prime factors of 916840.
2, 5, 22921
What are the prime factors of 8498465?
5, 293, 5801
List the prime factors of 584411.
584411
What are the prime factors of 2294794?
2, 53, 21649
List the prime factors of 5665969.
5665969
What are the prime factors of 2403273?
3, 17, 47123
List the prime factors of 2022048.
2, 3, 7, 17, 59
List the prime factors of 106404.
2, 3, 8867
What are the prime factors of 3054934?
2, 17, 19, 4729
List the prime factors of 305946.
2, 3, 23, 739
What are the prime factors of 149214?
2, 3, 13, 1913
What are the prime factors of 10916132?
2, 109, 25037
What are the prime factors of 747760?
2, 5, 13, 719
List the prime factors of 2746771.
73, 191, 197
List the prime factors of 511773.
3, 23, 7417
List the prime factors of 102409.
102409
List the prime factors of 8475588.
2, 3, 11, 17, 1259
What are the prime factors of 254979?
3, 41, 691
What are the prime factors of 40573973?
11, 3688543
What are the prime factors of 11792756?
2, 2948189
List the prime factors of 258646.
2, 79, 1637
What are the prime factors of 391108?
2, 97777
What are the prime factors of 8060948?
2, 7, 23, 12517
What are the prime factors of 90799?
29, 31, 101
What are the prime factors of 666615?
3, 5, 19, 2339
List the prime factors of 98209.
17, 53, 109
List the prime factors of 68438.
2, 19, 1801
List the prime factors of 2609593.
7, 19, 2803
List the prime factors of 633704.
2, 113, 701
List the prime factors of 47998.
2, 103, 233
What are the prime factors of 4367254?
2, 199, 10973
List the prime factors of 98936.
2, 83, 149
List the prime factors of 6419221.
6419221
What are the prime factors of 2582260?
2, 5, 129113
What are the prime factors of 13296222?
2, 3, 691, 1069
What are the prime factors of 168532?
2, 7, 13, 463
List the prime factors of 186679.
186679
What are the prime factors of 18152200?
2, 5, 11, 37, 223
List the prime factors of 2116765.
5, 7, 197, 307
What are the prime factors of 581635?
5, 61, 1907
What are the prime factors of 417404?
2, 13, 23, 349
What are the prime factors of 4398793?
7, 628399
List the prime facto